17
In base 5, what is -1023230230 - 2?
-1023230232
In base 3, what is -10011012 - -21?
-10010221
In base 4, what is 11321220 - 12?
11321202
In base 3, what is 1002111200 + -2?
1002111121
In base 15, what is 20 - 4a43?
-4a23
In base 5, what is 12224 + -1144?
11030
In base 15, what is 2 - -1459?
145b
In base 15, what is -157 + -4?
-15b
In base 16, what is eee - f?
edf
In base 7, what is -21341 + 2416?
-15622
In base 3, what is -2 + -202210020?
-202210022
In base 13, what is -1 + 686a?
6869
In base 5, what is -2031034 + 1?
-2031033
In base 8, what is -5 + -60561?
-60566
In base 2, what is 1001000000 + 1111011?
1010111011
In base 3, what is 102210002 - -211?
102210220
In base 15, what is 3 + -b5c41?
-b5c3d
In base 2, what is 1010101101010101 + 10?
1010101101010111
In base 2, what is 10 + -111011000101101?
-111011000101011
In base 10, what is 586 - -3?
589
In base 4, what is -10313121200 + 10?
-10313121130
In base 14, what is d577 - 1?
d576
In base 4, what is 1203233 + 30?
1203323
In base 10, what is 3 + -11912?
-11909
In base 16, what is 94 - 124?
-90
In base 8, what is -512 + -11574?
-12306
In base 11, what is 11a6 - -8a?
1285
In base 5, what is -2410244134 + -3?
-2410244142
In base 11, what is -9a5 - -1?
-9a4
In base 14, what is cc8c + -10?
cc7c
In base 16, what is 1ab0 + 1b?
1acb
In base 16, what is -30b2 + e?
-30a4
In base 14, what is -227 + b1?
-156
In base 16, what is d9 - 3c9?
-2f0
In base 9, what is -108573 - -6?
-108566
In base 9, what is 6623 - -145?
6768
In base 7, what is 410534 - -2?
410536
In base 11, what is 282 - -101?
383
In base 11, what is 82016 + -21?
81aa5
In base 7, what is 3 - -1111134?
1111140
In base 8, what is -21 + 11375?
11354
In base 3, what is -12 - 110002122?
-110002211
In base 16, what is -29c - -199?
-103
In base 10, what is -4 + 177452?
177448
In base 4, what is -12 - -1302100?
1302022
In base 10, what is -1627 - -56?
-1571
In base 6, what is 252 - 14551?
-14255
In base 12, what is 443b + 4?
4443
In base 10, what is -24 - -846?
822
In base 8, what is -62556 - 1?
-62557
In base 10, what is 3395 - 8?
3387
In base 16, what is 8f1 - -277?
b68
In base 5, what is 24212 - 12322?
11340
In base 13, what is -45a8 - 8?
-45b3
In base 11, what is 421 + -76?
356
In base 15, what is 21c6 + -b?
21ba
In base 10, what is 2124 + -14?
2110
In base 12, what is 623 - 15?
60a
In base 13, what is 56558b - -5?
565593
In base 4, what is 301330211 - 10?
301330201
In base 11, what is -15 - 14a463?
-14a478
In base 7, what is -30253 + 31?
-30222
In base 5, what is 1121321 + 2?
1121323
In base 13, what is 6110 - -2?
6112
In base 16, what is -466 + -6c?
-4d2
In base 3, what is -1021200122 - 2?
-1021200201
In base 9, what is 461406 - 1?
461405
In base 15, what is 3 + -12dcb4?
-12dcb1
In base 11, what is 310a - -59?
3168
In base 11, what is 58 - -78?
125
In base 5, what is -10 - 43312441?
-43313001
In base 3, what is -112 + -10110102?
-10110221
In base 13, what is -1b1 + -998?
-b79
In base 4, what is -10022 + -2332211?
-3002233
In base 6, what is 0 + 13123333?
13123333
In base 14, what is -b43 + 12?
-b31
In base 6, what is 10242 - -23?
10305
In base 8, what is 11 - 673212?
-673201
In base 2, what is -101001 + 110100000001100110?
110100000000111101
In base 10, what is 58589 - -5?
58594
In base 10, what is -1341603 - 2?
-1341605
In base 10, what is -10 - -2943?
2933
In base 7, what is 4445 + 331?
5106
In base 3, what is 1020210 + -112011?
201122
In base 14, what is -7928 - 2?
-792a
In base 13, what is 136 + -322?
-1b9
In base 12, what is 28b80 + -4?
28b78
In base 4, what is 1 + 1331210211?
1331210212
In base 4, what is 103103231 - 10?
103103221
In base 4, what is -110 + 13332123?
13332013
In base 16, what is -172c + -36?
-1762
In base 7, what is 2044626 - -13?
2044642
In base 2, what is -111000010110100100 - -10?
-111000010110100010
In base 6, what is -5 - -312155?
312150
In base 16, what is 1 - -9c?
9d
In base 15, what is b55 - -4?
b59
In base 6, what is -211 + -30132?
-30343
In base 3, what is -1200022 - 10102?
-1210201
In base 4, what is -12303113010 + -11?
-12303113021
In base 13, what is 44 - 446?
-402
In base 13, what is -585 + 4222?
396a
In base 7, what is 2 + 105552?
105554
In base 15, what is 425 - a?
41a
In base 11, what is 99932 - 3?
9992a
In base 8, what is 506047 + 0?
506047
In base 14, what is -16 + -751?
-767
In base 9, what is -380571 + -4?
-380575
In base 11, what is 6037 - 4?
6033
In base 13, what is 133 + -10a?
26
In base 5, what is -2012041 + -221?
-2012312
In base 5, what is -11 + 104121?
104110
In base 13, what is -339 - 269?
-5a5
In base 6, what is -10 + 5124012?
5124002
In base 8, what is -471120 + 5?
-471113
In base 15, what is -1 - -4326?
4325
In base 13, what is -646a + -5?
-6472
In base 14, what is 864 - 1?
863
In base 3, what is 12 + -10222000222?
-10222000210
In base 14, what is 1962 - 2d?
1933
In base 10, what is 9013 + 4?
9017
In base 12, what is 2 + -18a523?
-18a521
In base 2, what is 10100 - 100110101010111010?
-100110101010100110
In base 12, what is -bb28 - 1?
-bb29
In base 14, what is 0 - -8bd5d?
8bd5d
In base 7, what is -1 - -65601?
65600
In base 2, what is 11001 - 11110?
-101
In base 3, what is 22 - 22120120?
-22120021
In base 5, what is 12310 - 214?
12041
In base 12, what is 5 - 624a?
-6245
In base 6, what is 3 + -112040?
-112033
In base 15, what is 1 - be2dd?
-be2dc
In base 12, what is 14 + 13442?
13456
In base 16, what is 0 + 2980?
2980
In base 11, what is 30 + -2859?
-2829
In base 14, what is 1 - 7dd8?
-7dd7
In base 12, what is 547 - 30b?
238
In base 14, what is 1d74 + -115?
1c5d
In base 14, what is 14819 - -1c?
14837
In base 12, what is 26736 - 1?
26735
In base 12, what is -3 + -178a?
-1791
In base 4, what is 10 + 1111010110?
1111010120
In base 12, what is 73b61 + 1?
73b62
In base 2, what is 100001 + -100110001110?
-100101101101
In base 8, what is -21060 - -1?
-21057
In base 8, what is -263 - 236?
-521
In base 12, what is -555 - -17?
-53a
In base 6, what is -12325545 + 3?
-12325542
In base 9, what is 4 + 3510?
3514
In base 7, what is 2520 - -1332?
4152
In base 7, what is 3 + -145632?
-145626
In base 10, what is 1218130 + -1?
1218129
In base 13, what is 147 + -545?
-3cb
In base 12, what is 0 + -1837?
-1837
In base 10, what is 127 - -201?
328
In base 2, what is 10111011 - -10001001?
101000100
In base 4, what is 3013 + -22032221?
-22023202
In base 10, what is -4 - -9017?
9013
In base 16, what is -2 + -4c33e?
-4c340
In base 12, what is -5 + 13297?
13292
In base 9, what is -2585 + 153?
-2432
In base 5, what is -10 + -34213433?
-34213443
In base 9, what is -780 + 3?
-776
In base 3, what is 112 - 10210121011?
-10210120122
In base 10, what is -4094 - -6?
-4088
In base 6, what is 1023523 + -2?
1023521
In base 15, what is -11490 + -3?
-11493
In base 16, what is 1c - 91f?
-903
In base 9, what is -20 + -785?
-815
In base 7, what is -3 - 346162?
-346165
In base 7, what is 24 + -35640?
-35613
In base 6, what is -5 + 141542?
141533
In base 14, what is 100 + -5c38?
-5b38
In base 8, what is -1 + 2307311?
2307310
In base 11, what is -1 - -14358?
14357
In base 12, what is -2930a - -4?
-29306
In base 12, what is 4 + 4721?
4725
In base 8, what is 0 - -133512?
133512
In base 13, what is -6 + 44438?
44432
In base 15, what is -30d991 - 4?
-30d995
In base 8, what is 20 - -251413?
251433
In base 11, what is 0 - 79aa?
-79aa
In base 5, what is -23334324 - -1?
-23334323
In base 15, what is -dea0 + 10?
-de90
In base 2, what is -10 + -100101111000111?
-100101111001001
In base 10, what is 16089 + -75?
16014
In base 11, what is 10a2 + 2a?
1121
In base 15, what is 1045 + 16?
105b
In base 14, what is c - -81913?
81921
In base 10, what is -5 - 32051?
-32056
In base 10, what is -301202 - -4?
-301198
In base 9, what is -4 + 5165?
5161
In base 13, what is -3 - 36981?
-36984
In base 3, what is -21201211 - -2?
-21201202
In base 6, what is -10 - 255102?
-255112
In base 3, what is 10101120002 - 121?
10101112111
In base 8, what is 1224644 - 10?
1224634
In base 3, what is -12 + -21202121111?
-21202121200
In base 12, what is bb + 432?
531
In base 15, what is 24 + -3c4b?
-3c27
In base 10, what is -661019 - 0?
-661019
In base 3, what is -110021200 + 11?
-110021112
In base 9, what is 10 + 1423?
1433
In base 13, what is 55a158 - 1?
55a157
In base 8, w